 Calculate the remainder when n is divided by 12.
8
Let h(a) = 18 - 16*a - 36 + 24 + 3*a**2. Calculate the remainder when 214 is divided by h(6).
16
Let n(i) = -4*i + 24. Let u be n(4). Let b be (-4)/(-6)*126/12. Suppose 94 = u*l - b*l. What is the remainder when l is divided by 16?
14
Suppose 221 - 17 = 5*d - 4*b, 168 = 5*d - 8*b. What is the remainder when 3836 is divided by d?
44
Let g = 1190 - -204. What is the remainder when g is divided by 45?
44
Let a(g) = -170*g + 1. Calculate the remainder when a(-1) is divided by (-26)/78*30 + -1 + (-216)/(-3).
49
Suppose 2*a - 8 = 0, -5*a - 613 + 211 = -2*r. Suppose -687 = -7*c - r. Let n = c - 59. What is the remainder when 34 is divided by n?
7
Calculate the remainder when (-450 - -10)/(-10)*5 is divided by 35.
10
What is the remainder when 5693 is divided by ((-1224)/(-30))/(-12)*-835?
15
Suppose -m - 28 = -l - 6*m, 4*m = -2*l + 44. Suppose 3*c + 43 = -5*j - 10, 2*c - l = 2*j. Calculate the remainder when 2/10 - 1208/j is divided by 31.
28
Suppose -2*k = -32 - 4. Suppose -3*q + 9 = -2*c - 9, 13 = q - 3*c. Let a(m) = -5*m + 30. Calculate the remainder when k is divided by a(q).
8
Let h = 1712 + -1694. Suppose 1 = 2*k - 4*k + 3*a, -4*k - 27 = -a. Calculate the remainder when (k/5)/((-8)/340) is divided by h.
14
Let c = 388 + -342. Suppose 5*z - 147 = 3*u + c, -z + 37 = -u. What is the remainder when z is divided by 23?
18
Suppose 0 = -x + 30 + 30. Let w be 1/(-4)*-4 + -1. What is the remainder when x is divided by 40/(w - -4) + -1?
6
What is the remainder when (-117 + 6)*175/(-75) is divided by 252?
7
Suppose -3*w = -d - 10, -3*d = 2*w + 2*w - 35. Let s(l) = 0*l - 9 + l**2 + 4*l + w*l + 0*l**2. Calculate the remainder when 25 is divided by s(-11).
12
Let n = 858 - 810. What is the remainder when n is divided by 36?
12
Let p be (-1 + 19)*18/(-12)*-2. Let o = 82 - p. Calculate the remainder when 167 is divided by o.
27
Let u(i) = -i**2 - 4*i + 5. Let f be u(-2). Suppose 3*n = f*n - 780. Suppose -5*m + 37 + 128 = 0. What is the remainder when n is divided by m?
31
Calculate the remainder when ((-10556)/(-609))/(8/150) is divided by 17.
2
Let k(r) = -97*r**2 + 6*r + 6. Let c be k(3). What is the remainder when ((-55)/(-15) + (-1 - 3))*c is divided by 13?
10
Let v = -1799 - -1874. What is the remainder when v is divided by 0 - ((-2)/1 + -38)?
35
Suppose -13*m + 9*m = -56. Let c(i) = 7*i**3 - 1 - 5*i**2 + 9*i - 8*i**3 + 11*i**2. Calculate the remainder when c(6) is divided by m.
11
Suppose -4*h + 0*h = -272 - 44. What is the remainder when h is divided by 9?
7
Suppose -12*n + 31 = -53. Suppose 2*z = -8, 7*l = 6*l - 4*z + n. What is the remainder when 90 is divided by l?
21
Let m = -13492 - -14122. Calculate the remainder when m is divided by 62.
10
Let a = 4184 - 4173. Calculate the remainder when 336 is divided by a.
6
Suppose 0 = -213*d + 180577 - 379. What is the remainder when d is divided by 213?
207
Let j(m) = -m**3 - 22*m**2 + 28*m + 1245. Calculate the remainder when 1072 is divided by j(-21).
208
Let d = 27 - -11. What is the remainder when d is divided by 1002/(-835)*(1*15)/(-1)?
2
What is the remainder when (1133 - (-14)/(42/(-9))) + -3 is divided by 371?
14
Let q = 177 - 162. Suppose 14*d - q*d + 28 = 0. Calculate the remainder when 166 is divided by d.
26
Let l(z) = z**2 - 19*z - 20. Let b be l(14). Let a = -66 - b. Calculate the remainder when 186 is divided by a.
18
Let g(p) = 117*p - 946. Calculate the remainder when g(28) is divided by 11.
9
Let o(g) = 89*g + 1228. Calculate the remainder when 96 is divided by o(-13).
25
Let s = -438 - -535. What is the remainder when s is divided by (2/(-10))/((-2)/(-245))*-2?
48
Suppose 0 = 2*k - 4*p - 191 - 101, 0 = -3*p - 9. Suppose -805*x + 806*x - 110 = 0. What is the remainder when x is divided by ((-6)/(-15))/(2/k)?
26
Let n(y) = y**3 + 6*y**2 + 59*y + 499. What is the remainder when 4212 is divided by n(-7)?
31
Let r(k) = -k**3 + 4*k**2 + 2*k - 3. Calculate the remainder when r(-2) is divided by (-12)/21 - 50/(-14).
2
Suppose 1142*l = 528*l - 4603*l + 558219. What is the remainder when 2/(-3) + (-1259)/(-3) is divided by l?
98
Suppose -3*b + 5 = 5*r, 4*b - 8*r - 52 = -9*r. Calculate the remainder when 495 is divided by b.
0
Let n(v) = -v**3 - 11*v**2 + 3*v + 11. Let x be n(-11). Let f = -12 - x. Calculate the remainder when 699/21 + 4/(-14) is divided by f.
3
Let b be (0/(-10) - 4/5)*-3725. Let m = -1172 + b. What is the remainder when ((-10)/(-55) - m/22)/(-2) is divided by 11?
8
What is the remainder when 35900/28 + (-31 - -20) - (-1)/(-7) is divided by 3?
2
Suppose 0 = -3*x + 5*x + 6, 3*a - 4*x = 117. Calculate the remainder when 1/3*(-1041)/5*-5 is divided by a.
32
Suppose 0 = 1179*x - 1184*x - 4*j + 1246, 4*j = 4*x - 1004. Calculate the remainder when x is divided by (-10 + -5 + 3)/(-1).
10
Suppose 35318 + 16603 = 18*i - 33111. What is the remainder when i is divided by 175?
174
Let x = -5088 - -5838. What is the remainder when x is divided by 126?
120
Let c be 2/(-10) - 167026/(-230). Let r = c + -686. What is the remainder when 279 is divided by r?
39
Suppose -121*u + 51*u + 54*u + 15504 = 0. Calculate the remainder when u is divided by 232.
41
Let d = -1374 - -1590. What is the remainder when d is divided by 52?
8
Let m be (-8)/44 - (-24)/11. Suppose -m*b + 164 = -40. Suppose -281*z + 1080 = -241*z. Calculate the remainder when b is divided by z.
21
Let h(d) = d**2 - 35*d - 372. What is the remainder when 2879 is divided by h(-9)?
23
Let t = -6806 + 6836. Calculate the remainder when 927 is divided by t.
27
Let n = -68 + 66. Let s(u) = u**2 + 2*u + 3. Let i be s(n). Suppose -3*f - i*k + 59 = -k, 4*f = 5*k + 71. What is the remainder when 72 is divided by f?
15
Let d = 535 + -548. Let c(r) = r**2 + 6*r - 60. Calculate the remainder when 958 is divided by c(d).
28
Let h(v) = 3*v**2 - 5*v + 6. Let s = 429 - 427. What is the remainder when (29/4)/(s/16) is divided by h(4)?
24
Let r(g) = g**3 + 7*g**2 + 7*g + 5. Let w be r(-5). Suppose -3*f - 2*f = w. What is the remainder when 215 is divided by 2816/77 + (-5)/((-35)/f)?
35
Let u = 168 + -158. Let b(z) = z**3 - 9*z**2 - 9*z + 8. Calculate the remainder when 87 is divided by b(u).
15
Let k = 216 + -111. Suppose 4*p - 5*f - k = 0, -2*p + 8*f - 3*f = -55. Calculate the remainder when (-1847)/(-15) + (-20)/150 is divided by p.
23
Let g(q) be the first derivative of -8 + 0*q + 3/2*q**2. Calculate the remainder when g(11) is divided by 9.
6
Let l(g) = 3*g**2 - 5*g + 2. Let q = -41 - -43. Let y be l(q). Let i = 22 - y. What is the remainder when i is divided by 11?
7
Suppose -3*d + 3*a = 1 - 7, d = 4*a - 4. Let k be (-1)/(-3*d/108). Let q = 25 - k. Calculate the remainder when 62 is divided by q.
14
Suppose -40*r + 61 + 237 + 782 = 0. What is the remainder when 7233 is divided by r?
24
Suppose -149*t + 153*t - 952 = 0. Let f(o) = o**3 + 9*o**2 - 2*o + 12. What is the remainder when t is divided by f(-9)?
28
Let p = 25 - -16. Calculate the remainder when (78/18 + -4)*312 is divided by p.
22
Let n = 444 - 292. Calculate the remainder when (n - 2) + -9 + 3 + 8 is divided by 35.
12
Suppose 35066 = -81*i - 26*i + 145811. What is the remainder when i is divided by 88?
67
Let m = 127 + -89. Suppose -3*q = -8*q + 135. Calculate the remainder when m is divided by q.
11
Let z(a) = a**2 - 20*a + 98. Let j be z(8). Suppose j*b + 3*t = 2*t + 52, -t = -4. What is the remainder when 113 is divided by b?
17
Let x = 207 + -103. Suppose -2*o - 5*v + x = 0, -o + 2*v + 30 = -v. Calculate the remainder when o is divided by 26.
16
What is the remainder when 1092 is divided by ((-62)/12)/(6/((-36)/1))?
7
Calculate the remainder when (1464/(-56))/(2/(-14)) is divided by 25.
8
Let v = -7650 + 7828. Calculate the remainder when 559 is divided by v.
25
Let o be (-9)/((-27)/(-12)) + 4. Suppose -b = -a - 208, o = -2*b - 2*a + 20 + 376. What is the remainder when b is divided by 51?
50
Let k = -761 - -763. Suppose -650 = -k*u + 5*a + 329, 2*u = -a + 997. Calculate the remainder when u is divided by 25.
22
Suppose 6*g - 24235 = 2669. Suppose -29*t = 9*t - g. Calculate the remainder when t is divided by 41.
36
Suppose 3*c = -4*i + 13156, 5550*i - 5548*i = c + 6568. Calculate the remainder when i is divided by 52.
10
Let n be 